 -m - 19. What is the units digit of f?
7
Let w be 1 - (3 - (-2 + 2)). Let m = 23 + w. What is the units digit of m?
1
Let r(a) = a**2 + 2*a + 1. Let x be r(-5). Let m = x - -3. What is the tens digit of m?
1
Let i = 3 - 4. Let y = i - -2. Suppose y = 4*x - 3. What is the units digit of x?
1
Suppose 135 = -0*t + 5*t. What is the tens digit of t?
2
Let s(j) = -j - 3. Let r be s(-7). What is the tens digit of (33/(-6))/((-2)/r)?
1
Suppose -5*m - 2*w = -315, -4*m - w = -3*w - 252. What is the units digit of m?
3
Let z(y) = 2*y + 2. Let x(n) = n**2 + 5*n - 1. Let i be x(-6). Suppose 4*m = 7 + i. What is the units digit of z(m)?
8
Suppose -4*o + 4*h = 8, 2*o + 3*o + 4*h = -10. Let p(b) be the first derivative of b**3 - b**2/2 + 2*b - 5. What is the tens digit of p(o)?
1
Suppose 5*h = -20, 463 = 3*a + h - 40. What is the units digit of a?
9
What is the hundreds digit of (-278)/10*(-10)/2*1?
1
Let f(u) = u**2 + 3. Let g be f(0). Suppose 2 + 1 = -g*n, n = -2*z + 47. What is the tens digit of z?
2
Suppose 5*w - 5*g = -5, 2*g + 3*g - 5 = -3*w. Suppose w = 4*l - 12 - 16. What is the units digit of l?
7
Let m be (-6)/(1 - (-1)/(-3)). Let g be -1 + 4/1 - -14. Let w = m + g. What is the units digit of w?
8
Suppose -45 = -4*d - 3*a, 3*d + a = -0*d + 30. Suppose -s - d = -4*s. Suppose s*b = 2*c - 0*c + 21, 2*c - 19 = -5*b. What is the units digit of b?
5
Let a be 1/(-2) + 18/4. Let h = -16 - -28. Let c = h - a. What is the units digit of c?
8
Let y = 106 + -61. What is the tens digit of y?
4
Let q = 33 - -7. What is the units digit of q?
0
Let l be 189 + (-1 - -4 - 2). Suppose 8*i - 13*i + l = 0. What is the tens digit of i?
3
What is the tens digit of 836/14 - (-4)/14?
6
Let h(p) = -p + 4. Let a(w) = -w**2 - 5*w. Let o(i) = -i**2 - 6*i. Let s(n) = -6*a(n) + 5*o(n). Let f be s(0). What is the units digit of h(f)?
4
Let s(m) = m**3 + 5*m**2 - 6*m. Let u be s(-6). Suppose u = 3*t - 38 + 5. What is the tens digit of t?
1
Suppose -5*f - 3*t = -0*t - 72, -3*t = -f. What is the units digit of f?
2
Suppose 0 = 12*b + b - 3640. What is the hundreds digit of b?
2
Let n(d) = d**3 + 6*d**2 + 3*d - 7. Let x be n(-5). Let q = 31 - x. Let r = q + -16. What is the tens digit of r?
1
Let y(u) = u + 10. Let p be y(6). Suppose k - p + 2 = 0. What is the tens digit of k?
1
Let p(a) = -a + 42. Let b be p(0). Suppose -4*d + 36 = 2*j, -5*j + 3*d - d + b = 0. What is the units digit of (-2 - -4) + (j - 2)?
0
Let h(p) = p - 7. Let f be h(7). Let v(s) = 2*s + f - 7*s - 2. What is the units digit of v(-2)?
8
Let y = 3 + -2. Suppose y = -4*z + 45. Suppose 3*c - 4 = -p + z, -c + 2*p - 2 = 0. What is the units digit of c?
4
Suppose -4*g + 0*t = 2*t - 8, -4*t + 1 = 3*g. Let b(a) = 5*a + 3. What is the tens digit of b(g)?
1
What is the tens digit of (1 - (-90 + 4)) + 0?
8
Let l(h) = -4*h**2 + 2*h - 1. Let m be l(-2). Let y = m - -44. Suppose -g - 29 = -3*n, -y = -3*n + 3*g - 5*g. What is the units digit of n?
9
Let o = 6 + -3. Let t be (o/(-4))/(2/(-8)). What is the units digit of -2 + t - -3*2?
7
Let u = 14 - -2. Suppose v - 4*v - l + u = 0, 3*v = 4*l + 11. Suppose -6*x + x = -v. What is the units digit of x?
1
Suppose -5*j = 4*n - 25, 4*n = 5*j + 18 - 3. What is the units digit of 20/8 + j/(-2)?
2
Let q be (-3 + (5 - 3))*-34. Suppose 0 = 4*b - q + 2. What is the units digit of b?
8
Let w = -18 - -27. Suppose m - 12 = -t, -3*m = -t + w - 29. Let q = m + -5. What is the units digit of q?
3
Let j(u) = 11*u**2 - 5. What is the units digit of j(-3)?
4
Let f be 2/(-4) + (-1)/2. Let v be 1 - (-4 - (f - -1)). Suppose -v*n + 30 + 25 = 0. What is the units digit of n?
1
Let f = 32 - 50. Let g = f - -29. What is the tens digit of g?
1
Suppose 0*o = 2*o - 340. What is the units digit of o?
0
Suppose 4 = -3*n + n. What is the units digit of (-21)/n*(-14)/(-21)?
7
What is the units digit of -3 + (-4 + -20)*-1?
1
What is the units digit of (-7)/(14/8)*-1?
4
Let h be (-5 - 7)*(-3 - -2). Suppose 0 = -4*g + h, 0 = -3*l - 0*l + 5*g. What is the units digit of l?
5
Suppose 2*j - 7 = 3*j - p, p = -2*j - 8. Suppose 0 = -9*w - 60 - 3. Let n = j - w. What is the units digit of n?
2
Let l be 427/49 + (-4)/(-14). Suppose 5*g = 59 - l. What is the units digit of g?
0
Suppose -3 - 3 = -2*i. What is the units digit of (i + -5)/((-2)/8)?
8
Let f = 6 - 8. Let v be f + 1*-4*2. What is the units digit of (v/(-1))/2 - -1?
6
What is the tens digit of (0 + (-4)/(-10))/((-15)/(-3150))?
8
Suppose 3*c = 89 - 26. What is the units digit of c?
1
Suppose 2*d - 60 = -4*f, 2*f + 2*d = 2 + 28. What is the tens digit of f?
1
Let n(r) be the first derivative of -2*r**2 - 1/4*r**4 - 2 + 2*r**3 - r. What is the tens digit of n(4)?
1
Let f(y) = -4 + 3*y**3 - 5*y**2 + 11 - 4*y**3 + 4*y - 3*y. Let o be f(-5). Suppose o*d + 3*a - 22 = 5*a, 0 = -3*d + 2*a + 31. What is the units digit of d?
9
Suppose -64 = -4*m - 3*w - 25, 1 = w. Suppose -117 + m = -4*a. What is the tens digit of a?
2
Let c be ((-9)/(-27))/(1/18). Suppose 40 = 2*x - c. What is the tens digit of x?
2
Let h(o) = o**2 - 2. Let s be h(-9). Suppose 5*l = -9 + s. What is the units digit of l?
4
Suppose 0 = -4*d + 6*a - 2*a + 332, -d = -2*a - 79. What is the units digit of d?
7
Suppose -2*t = 28 - 130. Suppose 2*h - t = -h. What is the tens digit of h?
1
Suppose -386 - 514 = -9*g. What is the tens digit of g?
0
Let b(u) = 4*u**2 - 1. Let d = 1 - -1. What is the tens digit of b(d)?
1
Suppose 1 = -5*l + 6. Let g = l + -8. Let a = g - -11. What is the units digit of a?
4
Let l(o) = o + 7. Let k be l(-4). Suppose -20 + 2 = -k*a. What is the units digit of a?
6
Let y = -9 + 13. What is the units digit of y?
4
Suppose 0 = -t - 4*t. Suppose c - 6 = -3, t = -4*n + 5*c - 63. What is the units digit of -2 + (-1)/(3/n)?
2
Suppose -2*w + 5*w = -5*b + 64, -2*b = -2*w - 16. Suppose -5*d + 4 + b = 0. What is the units digit of d/(2 - (-10)/(-8))?
4
Suppose y = 4*u + 23, -5*y - u = -5*u - 35. Suppose g - 3*l + 0*l - 14 = 0, -g - y*l - 10 = 0. Let w(f) = 5*f - 3. What is the units digit of w(g)?
7
Suppose -4*n = -20, -n - 149 = -5*s + 216. What is the units digit of s?
4
Let v = 26 + -29. Let h(b) = b**2 - 5*b - 4. What is the tens digit of h(v)?
2
Suppose 0 = -0*n + 3*n - 6. Suppose -n = -6*v + 5*v. Let g = 9 - v. What is the units digit of g?
7
Suppose 4*f + 5*j - 53 = 212, 2*f - 110 = 2*j. What is the units digit of f?
0
Suppose 0 = q - 3. Suppose 12 = -q*i + 3*n, -5*i - 5*n = -0*n + 10. Let j = 4 + i. What is the units digit of j?
1
Suppose 25 = -6*g + g. Let n(z) = -z + 5. What is the tens digit of n(g)?
1
Let y = 3 + 7. Suppose -y*k + 250 = -5*k. What is the tens digit of k?
5
Let w be -2 + (-10)/(-2) - -2. Suppose -s - 40 = -w*m, -m + 0*m - 4*s = -29. What is the units digit of m?
9
Let b(k) = 11*k - 2. What is the units digit of b(2)?
0
Let h(l) = -l**3 - 2*l**2 + 128. What is the tens digit of h(0)?
2
Let v(u) = u**3 - u**2 - 7*u + 14. What is the hundreds digit of v(6)?
1
Let v = 25 + 18. What is the units digit of v?
3
Let m(o) = -o - 3. Let v be m(-4). What is the units digit of v*(-3 + 0 - -23)?
0
Suppose -3*z = 5*h - 151, -3*z + 4*h - 2*h = -179. Suppose z = 3*g - 3. What is the units digit of g?
0
Let r be -1*(-3 + 2 + 1). Suppose r = -5*c + 58 + 12. What is the units digit of c?
4
Let p = 2 - 5. What is the tens digit of 12 + 0/(p/(-1))?
1
Let p(k) = -k - 6. Let q be p(-6). Suppose q = -z - 3*z + 12. Suppose -z*v + 0*v + 15 = 0. What is the units digit of v?
5
What is the units digit of (-6)/(-4) + 85/10?
0
Let f(g) = 17*g + 12. Let v be f(10). What is the units digit of 2/(-12) + v/12?
5
Let l(q) be the second derivative of -q**3/3 - q**2/2 + 2*q. What is the units digit of l(-5)?
9
Let t(z) be the third derivative of z**7/840 + z**6/720 - z**5/60 + 2*z**2. Let o(s) be the third derivative of t(s). What is the units digit of o(1)?
7
Suppose 4*r = 12, -r + 7 = 2*k - 2. Suppose 12 = -k*s + 7*s. What is the units digit of s?
3
Suppose -2321 = 3*m - 14*m. What is the tens digit of m?
1
Let c = 5 + -3. What is the tens digit of (-30 + (1 - c))/(-1)?
3
Let p(k) = -k**3 + 2*k**2 + 9*k - 6. What is the units digit of p(-6)?
8
Let p(z) = z**2 - 7*z + 1. Let g be p(6). Let b = g + 7. What is the tens digit of (-12)/18*(-39)/b?
1
Let j be (-11 - -11)/(-2 - 0). Suppose a + d = 17, 2*a + 